
Does 37 divide 254269992?
False
Does 777 divide 77895027?
True
Is 2110404 a multiple of 213?
True
Is 33 a factor of 11383860?
False
Is 350 a factor of 124717854?
False
Is 1298870300 a multiple of 28?
True
Does 7 divide 3735966035?
False
Is 48 a factor of 73870464?
True
Does 28 divide 124039776?
True
Does 197 divide 16980738?
False
Is 46791680 a multiple of 320?
True
Is 89 a factor of 15680177?
False
Does 29 divide 20664630?
False
Is 67527213 a multiple of 13?
True
Does 1292 divide 850841432?
True
Is 227225287 a multiple of 355?
False
Is 270853689 a multiple of 725?
False
Does 13 divide 92814904?
True
Is 170 a factor of 699880480?
True
Is 64 a factor of 238950336?
True
Is 640548909 a multiple of 97?
True
Is 4104966846 a multiple of 102?
True
Does 76 divide 319395016?
True
Is 4 a factor of 838808511?
False
Is 1448307 a multiple of 8?
False
Is 17 a factor of 145387017?
False
Does 1301 divide 2652739?
True
Does 10 divide 19429772?
False
Does 262 divide 48967014?
True
Is 3157 a factor of 769847078?
True
Does 488 divide 157549336?
True
Is 29985984 a multiple of 111?
True
Is 3348 a factor of 41761644?
False
Is 56403382 a multiple of 119?
True
Does 13 divide 3223976210?
True
Is 7 a factor of 8849736?
True
Is 121 a factor of 4181142?
False
Does 274 divide 956563277?
False
Is 1360 a factor of 76302800?
True
Is 597180 a multiple of 3?
True
Is 168 a factor of 1531889005?
False
Is 2943384982 a multiple of 1028?
False
Does 1288 divide 262073931?
False
Is 21 a factor of 463701?
True
Is 21 a factor of 24089486?
False
Is 49 a factor of 25644003?
True
Is 2630424475 a multiple of 40?
False
Is 456971535 a multiple of 5977?
True
Is 7006131 a multiple of 33?
True
Is 3104946732 a multiple of 449?
False
Is 20028934 a multiple of 115?
False
Does 459 divide 5609998?
False
Is 1628 a factor of 126073948?
True
Is 303621143 a multiple of 7?
True
Does 48 divide 2882661?
False
Is 531 a factor of 1112258388?
False
Is 12609 a factor of 1825092908?
False
Does 5143 divide 854305041?
False
Does 16 divide 246877977?
False
Does 580 divide 50472859?
False
Is 6507013 a multiple of 11?
False
Is 328461785 a multiple of 3377?
False
Does 43 divide 584769556?
True
Is 1460 a factor of 91581933?
False
Is 281596096 a multiple of 83?
False
Does 539 divide 72420761?
False
Is 2957321598 a multiple of 32?
False
Does 17 divide 466163834?
True
Is 2510063552 a multiple of 2356?
True
Is 34164594 a multiple of 18?
True
Is 38 a factor of 58056400?
True
Is 242 a factor of 222293064?
False
Is 496 a factor of 236019616?
True
Is 3181 a factor of 1894902614?
True
Is 279 a factor of 14896560?
False
Does 14 divide 18405900?
False
Is 528 a factor of 4558752?
True
Does 21 divide 632604239?
False
Does 48 divide 339441852?
False
Is 9 a factor of 621313353?
True
Is 570802870 a multiple of 19?
False
Is 51011982 a multiple of 747?
False
Is 35 a factor of 64941777?
False
Does 582 divide 7265185?
False
Does 189 divide 379380078?
True
Is 1123 a factor of 695123524?
True
Does 24 divide 309461520?
True
Is 36 a factor of 77813604?
True
Does 1822 divide 137006226?
False
Is 9 a factor of 2862651?
False
Does 526 divide 45594732?
True
Is 55348406 a multiple of 23?
False
Is 44 a factor of 32462144?
True
Does 32 divide 50934765?
False
Is 281 a factor of 7386253?
False
Is 240322018 a multiple of 215?
False
Does 782 divide 89527238?
False
Is 1518 a factor of 214007640?
True
Is 11 a factor of 754832507?
True
Does 597 divide 66446968?
False
Does 1329 divide 52814506?
False
Does 5841 divide 50384845?
False
Is 28415598 a multiple of 15?
False
Is 1065 a factor of 154427130?
True
Is 6 a factor of 936804473?
False
Does 611 divide 35774050?
True
Is 65605893 a multiple of 53?
False
Is 10668504 a multiple of 253?
True
Is 9 a factor of 255842111?
False
Does 322 divide 166547048?
False
Is 3130639 a multiple of 5?
False
Does 19 divide 42654449?
True
Is 20 a factor of 2558387660?
True
Does 4858 divide 460491846?
False
Does 8 divide 1066014096?
True
Is 1187742405 a multiple of 234?
False
Does 1378 divide 86707894?
True
Does 757 divide 16152866?
True
Is 175879972 a multiple of 672?
False
Is 91678513 a multiple of 2377?
True
Is 275869802 a multiple of 33?
False
Does 1285 divide 29497175?
True
Does 9 divide 144895491?
True
Is 4896946 a multiple of 70?
False
Does 7 divide 38816652?
True
Does 1556 divide 13485816?
False
Does 11 divide 7162408?
True
Does 489 divide 48126891?
True
Is 32 a factor of 6311712?
True
Is 63416788 a multiple of 2270?
False
Does 1988 divide 154695241?
False
Is 53950208 a multiple of 43?
True
Does 14 divide 117536606?
False
Is 346 a factor of 2920549?
False
Does 568 divide 3920236?
False
Is 12 a factor of 483128328?
True
Is 1089 a factor of 127064520?
True
Is 5815 a factor of 1804089915?
False
Is 837 a factor of 356110020?
True
Does 562 divide 10051932?
True
Is 171370363 a multiple of 1101?
False
Does 1236 divide 17743431?
False
Is 1238 a factor of 28873827?
False
Is 1356 a factor of 31814472?
True
Is 8202720 a multiple of 115?
True
Is 6 a factor of 107615064?
True
Is 20 a factor of 46779360?
True
Does 57 divide 19671602?
False
Is 207383610 a multiple of 15?
True
Is 100960296 a multiple of 2648?
True
Does 9 divide 3933667458?
True
Does 42 divide 13575282?
True
Is 625659030 a multiple of 129?
True
Is 795696 a multiple of 3?
True
Does 53 divide 11008337?
False
Is 889 a factor of 39149782?
True
Does 30 divide 1920157722?
False
Is 382 a factor of 406117689?
False
Is 4 a factor of 158300460?
True
Does 11 divide 102626150?
True
Is 103996543 a multiple of 401?
True
Is 437416220 a multiple of 1575?
False
Is 65 a factor of 383179776?
False
Does 9 divide 49991580?
True
Is 426129024 a multiple of 8?
True
Does 5 divide 2243990?
True
Is 4008 a factor of 350415432?
True
Does 27 divide 39556796?
False
Is 2005 a factor of 169741295?
True
Is 55588302 a multiple of 1914?
True
Is 9408272 a multiple of 47?
True
Does 635 divide 44226627?
False
Is 53080645 a multiple of 7?
False
Does 271 divide 36434053?
True
Is 2893 a factor of 68670431?
False
Is 11 a factor of 1328897658?
True
Is 188268587 a multiple of 13?
True
Is 1723 a factor of 290213723?
False
Is 55840310 a multiple of 362?
True
Is 10 a factor of 85492682?
False
Is 5 a factor of 12219405?
True
Does 72 divide 60959592?
True
Is 12 a factor of 2653632?
True
Does 477 divide 4098926349?
True
Is 1109 a factor of 107681958?
False
Does 163 divide 2029629545?
True
Is 36 a factor of 55159817?
False
Is 4277812 a multiple of 266?
True
Is 28 a factor of 30149392?
True
Is 424 a factor of 13403064?
True
Is 11219892 a multiple of 27?
False
Is 818 a factor of 79225754?
True
Does 173 divide 57129098?
True
Is 31 a factor of 461031862?
False
Is 113 a factor of 65772215?
True
Does 14 divide 131201405?
False
Is 534755968 a multiple of 32?
True
Is 160490953 even?
False
Is 2303325286 a multiple of 46?
False
Is 36231132 a multiple of 1267?
True
Is 1332 a factor of 2134508960?
False
Does 463 divide 29752778?
False
Does 4273 divide 151289838?
True
Does 1376 divide 650997958?
False
Does 14 divide 901355532?
True
Is 475603712 a multiple of 8?
True
Does 28 divide 49961940?
True
Is 1104 a factor of 46137264?
True
Does 66 divide 534333196?
False
Does 726 divide 621628020?
False
Is 247041097 a multiple of 310?
False
Does 16 divide 2862656?
True
Is 562 a factor of 173845708?
True
Is 187 a factor of 24317293?
True
Is 142 a factor of 298265746?
True
Is 41366349 a multiple of 831?
True
Is 15 a factor of 16425900?
True
Is 13173854 a multiple of 3?
False
Is 225 a factor of 302095800?
True
Is 630593090 a multiple of 28?
False
Is 28781172 a multiple of 978?
False
Is 25 a factor of 114528823?
False
Does 1393 divide 948234602?
True
Is 4 a factor of 8677022?
False
Is 195 a factor of 161626101?
False
Does 15 divide 6023288?
False
Is 15 a factor of 64027425?
True
Is 26 a factor of 60642946?
True
Is 16 a factor of 91081211?
False
Is 176508820 a multiple of 628?
True
Is 877 a factor of 79527905?
False
Is 45218013 a multiple of 2?
False
Does 386 divide 28095782?
True
Is 1456 a factor of 1091467216?
False
Does 71 divide 26022079?
False
Is 576168610 a multiple of 515?
True
Is 1342768911 a multiple of 33?
True
Is 10 a factor of 36850570?
True
Is 73381353 a multiple of 199?
False
Is 11 a factor of 316415968?
True
Does 51 divide 5585478?